8. Suppose -5*r + 7*r = 24. What is the highest common divisor of r and x?
12
Suppose -5 = -5*p, -3*m + 4*p + 4 = -7. Suppose -m*x = -10*x - 20. Let y be x/22 + (-1740)/(-132). What is the greatest common divisor of 143 and y?
13
Let l be (29 - -3)*(-1)/(-2). Suppose -165 = -4*a + h + l, 5*h = -a + 40. Suppose 15*w + 8 = 143. What is the highest common divisor of w and a?
9
Suppose -4*n - 28 = -5*t, 23 - 25 = t + 3*n. Calculate the highest common factor of 124 and t.
4
Suppose -9*z = 5*p - 4*z - 5, -4*z = 4. Let k = 3 + 0. Suppose 3*s + 988 = p*m + k*m, 4*m - 3*s = 788. Calculate the highest common factor of m and 25.
25
Let c(g) = -23*g - 66. Let u be c(-6). What is the highest common divisor of 108 and u?
36
Let h be -3*9/(27/(-12)). Calculate the highest common divisor of h and 6.
6
Let g(h) = -h**2 - 10*h - 10. Let a be g(-8). Suppose -3*f + r = -a + 1, 5*f - r = 9. What is the greatest common divisor of f and 2?
2
Suppose -23 = -a + 32. Suppose -2*q + 17 = -0*d + 5*d, q - 1 = -d. Calculate the greatest common divisor of d and a.
5
Let j be 4/12 + (80/12)/1. What is the highest common divisor of j and 7?
7
Suppose -5*z - 66*v = -65*v - 36, -3*z = -3*v - 18. Let f = 152 + -103. What is the greatest common divisor of f and z?
7
Let m be (39/(-52)*16)/((-2)/5). What is the highest common divisor of m and 3390?
30
Suppose -19 - 9 = -c. Suppose -786 = -4*m + f, -2*m + 4*f + 260 = -140. What is the highest common divisor of c and m?
28
Suppose -34*v + 1290 = 100. What is the highest common factor of 560 and v?
35
Let h = -88 + 91. Suppose -3*d - 3*q + 24 = 0, h*q - 5 = -d + 11. Calculate the greatest common divisor of 4 and d.
4
Suppose -20*f = -75*f + 21780. What is the greatest common factor of 66 and f?
66
Let t = 26 + -21. Suppose 2*k + 0*b - 3*b = -11, 0 = t*k - b + 21. Let r be (-2)/(8/9)*k. Calculate the highest common divisor of 72 and r.
9
Let l = 85 - 60. Let m be (-2)/5 + 710/l. Let k be (4*(-4)/(-8))/(11/22). Calculate the greatest common factor of k and m.
4
Suppose -2 - 10 = 3*x, -3*r = 3*x - 9. Calculate the greatest common factor of 49 and r.
7
Let n = 571 + -329. Let v = -2 + n. Suppose -3*z = 5*t - v, -2*t + 0*z + 96 = 3*z. Calculate the greatest common factor of t and 6.
6
Let h be 62 + -2 - (5 - 1). Calculate the highest common factor of 7 and h.
7
Let o(c) = 2*c**2 - 6*c + 7. Let t be o(2). Suppose 0 = -4*b - 53 + 185. What is the greatest common factor of t and b?
3
Let o = 182 - 41. Calculate the highest common factor of 94 and o.
47
Suppose 3*o + q - 43 = 0, -o + 3*q - q = -26. Let a = 14 - o. Let m be (-116)/a + (-6 - -8). What is the greatest common divisor of 15 and m?
15
Suppose -61 = -4*d - 13. Let m = 5 - -1. Let x be (-8)/((-1)/m*4). Calculate the highest common divisor of x and d.
12
Let l(g) = -2*g**3 + 6*g**2 - g + 3. Let o be l(5). Let d be (-1824)/o - (-4)/34. What is the highest common factor of d and 2?
2
Let g be (-2)/20 - (-26922)/420. Calculate the highest common divisor of g and 16.
16
Suppose -2*s + 6 = -0. Suppose -s*h + 130 = 10. Calculate the greatest common divisor of 8 and h.
8
Let v(p) be the first derivative of 2*p**3/3 + 13*p**2/2 - 8*p - 195. Let k be 1 + -2 + 1 + -8. Let m be v(k). What is the highest common divisor of 2 and m?
2
Let f be 4/(-24) - (-2)/12. Suppose 7*x - 10*x + 345 = f. What is the highest common factor of x and 23?
23
Suppose -48 = -u - 2*w, -2*u + 5*w = -0*w - 105. Let n = 26 + u. What is the greatest common divisor of 114 and n?
38
Suppose -5*d - 594 = -3*j, 5*j = 7*d - 6*d + 1012. Calculate the highest common divisor of j and 87.
29
Let b(n) = 2*n - 122. Let s be b(62). Let a be (2/1)/((-1)/4). Let p be (-34)/(-8) + 2/a. What is the highest common factor of p and s?
2
Let v(t) = -4*t + 8. Let r be v(-9). What is the highest common divisor of r and 99?
11
Let w(i) = i**2 - 9*i + 10. Let g = 5 - -2. Let z be w(g). Let b be (-180)/(z - -2) - 0. Calculate the highest common factor of b and 9.
9
Suppose 4*n + l = -117 + 19, 5*l = 3*n + 62. Let b = 32 + n. Suppose 0 = -t + 5*p - 0 - 17, -3*t = 5*p - 49. What is the greatest common factor of b and t?
8
Let l be (-2)/6*(-3 - 0). Suppose -12 = -5*b + 3*z - 0*z, 5*z - 5 = 0. Suppose -b*q + 36 = 9*q. What is the greatest common factor of q and l?
1
Let h be ((1 + 0)*0)/2. Let x = h + 4. Let v(a) = -25*a**2 + 158*a - 8. Let q be v(6). Calculate the highest common divisor of x and q.
4
Let c be ((-7)/14)/((-2)/(-76)). Let k = c + 32. Suppose 3*d - 52 = 2*d. What is the greatest common factor of d and k?
13
Suppose -181*k + 1188 = -163*k. What is the greatest common factor of 44 and k?
22
Let i(j) = -j**3 - 2*j**2 + 3*j + 4. Let d be i(-3). Let q(c) = -12*c**2 + 23*c - 9. Let m be q(1). What is the highest common factor of m and d?
2
Let p(a) = a**2 + 10*a - 21. Let v be p(-12). Suppose 0 = 3*q - 48 + 12. What is the greatest common factor of q and v?
3
Let l be (-2)/(6/(-9)) + -124 + 3. Let z = 258 + l. Calculate the highest common factor of z and 56.
28
Suppose 0 = 26*o + 31*o - 4275. Calculate the highest common divisor of o and 60.
15
Suppose 5*p = -4*x + 2088, 142 = -2*x - p + 1186. Calculate the greatest common divisor of 18 and x.
18
Let d = 433 + -420. Let p(g) = g**2 + 3. Let i be p(7). What is the greatest common divisor of i and d?
13
Let q be (1 - 1) + (3 - 5). Let i be (q - 24)*(-10)/20. Calculate the greatest common divisor of i and 26.
13
Let a(m) = m**3 + 7*m**2 - 3*m + 8. Let d be a(-6). Suppose -4*k = -5*i - 610, 2*i - 2 = i. Calculate the highest common factor of d and k.
31
Let b be (39/(-6))/((-1)/(-4)). Let p = b + 12. Let c be (-172)/p - 4/14. What is the highest common factor of c and 24?
12
Suppose -3*k - 30 = -3*f, -f + k - 2*k + 18 = 0. Let u be 16 + ((-2)/(-14) - (-26)/f). Calculate the highest common factor of u and 27.
9
Let g(a) = 8*a - 40. Let y be 1/(3 + 265/(-90)). Let h be g(y). Calculate the greatest common factor of h and 13.
13
Suppose 49*c - 36*c - 286 = 0. What is the highest common divisor of c and 286?
22
Let v(u) = 9*u - 1. Let g be v(1). Let f = 13 - g. Suppose 0 = -f*p + 51 + 24. What is the highest common divisor of 75 and p?
15
Let r(m) = 2*m**2 - 2. Let w be r(-2). Suppose 2*l - 6 = 2*j, -3*j + 33 = -l + 5*l. Let b = l - 0. What is the greatest common factor of b and w?
6
Suppose -16*k + 3*q = -15*k - 58, -2*q = k - 78. Calculate the highest common divisor of 1260 and k.
70
Suppose -8*y - 80 = -10*y. Suppose 3*k - 4*k + 16 = 0. Calculate the highest common factor of y and k.
8
Suppose 3*v + 7*a - 224 = 3*a, v - 93 = -5*a. What is the highest common divisor of 85 and v?
17
Let a be (-63)/7*(-6)/9. Suppose a*g - 418 - 140 = 0. Calculate the greatest common divisor of 62 and g.
31
Let h = 67 + -26. Let d = h + -26. Let l(b) = b + 5. Let m be l(d). Calculate the greatest common divisor of m and 30.
10
Let k be 7*3/21*61. What is the greatest common divisor of 244 and k?
61
Suppose -18*i - 77 + 311 = 0. Calculate the greatest common factor of 299 and i.
13
Let i = 104 + -74. Let x(m) = -9*m**2 - 14*m + 6. Let f be x(-6). Let z = -224 - f. Calculate the highest common divisor of z and i.
10
Suppose -38*r - 1820 = -45*r. What is the greatest common divisor of 140 and r?
20
Let k be (-19434)/(-287)*(-7)/(-2). What is the highest common factor of 316 and k?
79
Let n = -29 - -81. Calculate the greatest common factor of n and 572.
52
Suppose 5*q + 25 = 0, 2*f + 0*q + q = 2353. Let z = f - 1731. Let p be z/(-54) - (-4)/(-18). Calculate the highest common divisor of 2 and p.
2
Let n = -718 + 872. Calculate the greatest common divisor of n and 42.
14
Let r = -50 + 89. Let a = r - 15. Let i be 20/(-2)*(-108)/5. Calculate the highest common divisor of a and i.
24
Suppose 3*r = 0, 5*r + 3 = 3*d - 0*r. Let j(c) = 34*c**2 - c + 1. Let x be j(d). What is the highest common factor of x and 17?
17
Suppose -4*g = 2*q + 13 - 1, 3*q + 16 = -4*g. Let o be (-4 + (-3)/g)*-32. Calculate the highest common factor of 4 and o.
4
Let c = -177 - -187. What is the greatest common divisor of 310 and c?
10
Let l be (-4)/(-24) - (26378/(-12))/11. What is the greatest common factor of 150 and l?
50
Suppose l + 3 = 110. Let y = -27 + l. Suppose 5*j + 5*v - 50 = v, -5*j + y = -2*v. What is the greatest common divisor of 35 a